te?
True
Is 843700313 a composite number?
True
Is 46837201633 composite?
True
Is 6039483833 a composite number?
False
Is 1055387231 a composite number?
False
Is 17089993649 a prime number?
True
Is 1492295471 prime?
True
Is 87596309 a prime number?
True
Is 2723568973 a composite number?
True
Is 17300743769 composite?
False
Is 5439860117 a prime number?
True
Is 691643209 a prime number?
True
Is 231352437727 a composite number?
False
Is 359114926 a composite number?
True
Is 27394273 a composite number?
True
Is 88797997 a composite number?
True
Is 17795080714 prime?
False
Is 5045772551 composite?
False
Is 547015669 a composite number?
False
Is 7853890778 a prime number?
False
Is 50252933 composite?
True
Is 12075495389 composite?
False
Is 15178993 prime?
True
Is 124331647001 a prime number?
True
Is 6425051233 prime?
True
Is 149816678339 composite?
True
Is 1628444561 a prime number?
True
Is 5012882629 a prime number?
True
Is 28284705959 composite?
True
Is 3944798493 a composite number?
True
Is 47134842217 a prime number?
False
Is 9119398879 prime?
True
Is 5544395245 a composite number?
True
Is 6589584707 a prime number?
True
Is 1327592137 composite?
True
Is 177391883 composite?
True
Is 83370796559 a composite number?
True
Is 1174154027 prime?
False
Is 14248010039 a composite number?
True
Is 62584219 prime?
False
Is 2448325571 composite?
True
Is 3808629887 a composite number?
False
Is 8156485 composite?
True
Is 25753530923 composite?
True
Is 16777730945 a composite number?
True
Is 74351421329 composite?
False
Is 434316539 composite?
False
Is 613241983 a composite number?
True
Is 215100011629 a prime number?
True
Is 3971048069 composite?
False
Is 4003891277 prime?
True
Is 11879933743 a composite number?
True
Is 80073647 a composite number?
False
Is 584564745913 a prime number?
True
Is 573099974 prime?
False
Is 9251071541 prime?
False
Is 3277423427 a prime number?
True
Is 3531596729 prime?
False
Is 9608234579 a prime number?
False
Is 111803299199 composite?
False
Is 13805572951 composite?
True
Is 1156797091 a composite number?
False
Is 1295066963 composite?
False
Is 87476974439 a composite number?
False
Is 352546199 prime?
False
Is 10566250985 prime?
False
Is 33791063311 composite?
False
Is 77479116631 a prime number?
False
Is 2091011885 prime?
False
Is 1166848427 composite?
True
Is 5502069403 a prime number?
True
Is 700181171 a composite number?
True
Is 706415397 a prime number?
False
Is 414258667 a prime number?
False
Is 2453676153 composite?
True
Is 7135971223 composite?
False
Is 28813333 a prime number?
True
Is 30654294303 composite?
True
Is 1195479323 composite?
False
Is 13524961682 composite?
True
Is 825684287 prime?
False
Is 187276387 a prime number?
False
Is 1146975969 a composite number?
True
Is 4834575409 a composite number?
False
Is 20960821729 a composite number?
False
Is 285823651 a composite number?
False
Is 10660664501 a prime number?
True
Is 99278493191 prime?
False
Is 17125613321 prime?
True
Is 567092357 prime?
False
Is 538264849 composite?
False
Is 43607953 a composite number?
True
Is 1870250719 a composite number?
False
Is 1216484543 a prime number?
True
Is 39185582671 a composite number?
False
Is 21809516791 prime?
False
Is 6930213811 prime?
True
Is 2071682313 composite?
True
Is 42505460989 a prime number?
True
Is 2684525621 a prime number?
False
Is 250211021 a prime number?
True
Is 23123876693 composite?
False
Is 96514853 composite?
True
Is 1025682157 prime?
True
Is 64985622029 a prime number?
True
Is 3135108631 prime?
True
Is 350102957 a prime number?
False
Is 120194731543 composite?
True
Is 815525531 a composite number?
True
Is 5014549313 prime?
False
Is 3867207973 prime?
True
Is 798208703 prime?
True
Is 53225187979 a prime number?
False
Is 28887510299 a composite number?
False
Is 19783175983 a composite number?
True
Is 10072621201 prime?
True
Is 252707309 a composite number?
True
Is 3794087873 a composite number?
True
Is 12379396921 composite?
True
Is 43939058587 a prime number?
True
Is 331402771 prime?
False
Is 85199534887 a prime number?
False
Is 165463819 composite?
False
Is 1254294493 prime?
False
Is 286208561 composite?
False
Is 16397218373 a composite number?
True
Is 53771491661 a composite number?
True
Is 874729241 prime?
True
Is 2827659323 composite?
True
Is 2960794189 a prime number?
False
Is 666172817 prime?
False
Is 202783099 composite?
True
Is 19817563537 composite?
False
Is 669726863 a prime number?
False
Is 1005347521 a prime number?
True
Is 109357080487 a composite number?
False
Is 28230459551 a composite number?
True
Is 348439919 prime?
False
Is 2738144803 a prime number?
False
Is 220648681 a prime number?
False
Is 12001681463 composite?
True
Is 227650651 prime?
False
Is 5937262907 a prime number?
False
Is 1972577333 prime?
False
Is 1806160889 a composite number?
True
Is 160609134883 a prime number?
True
Is 411052279 prime?
False
Is 51606107107 composite?
True
Is 1447231271 prime?
True
Is 19309644773 prime?
True
Is 2508680027 a prime number?
False
Is 3111140635 a prime number?
False
Is 9419676631 a composite number?
True
Is 7990727581 a prime number?
True
Is 110197363169 a composite number?
True
Is 1232191087 a prime number?
False
Is 3109552555 composite?
True
Is 2067603577 a composite number?
True
Is 6595918907 a composite number?
True
Is 60380279 a composite number?
True
Is 1755698149 composite?
False
Is 659999413 a prime number?
True
Is 197259796609 a composite number?
False
Is 23934168991 a composite number?
False
Is 14732623211 composite?
True
Is 1256709253 a composite number?
True
Is 2449890089 a composite number?
False
Is 171201113 a composite number?
True
Is 31191791749 prime?
True
Is 3936570335 composite?
True
Is 21263644159 a composite number?
False
Is 16451413729 a prime number?
False
Is 2780805283 composite?
False
Is 813233161 composite?
True
Is 278546399 prime?
False
Is 73866716509 prime?
True
Is 703027819 prime?
False
Is 153748985311 composite?
False
Is 7669419991 prime?
False
Is 34388099 a prime number?
True
Is 622094387 composite?
True
Is 5513037689 a prime number?
True
Is 244534712179 prime?
True
Is 478892797 composite?
True
Is 2011225691 prime?
False
Is 99071433553 a composite number?
True
Is 45436725953 prime?
False
Is 494852243 composite?
False
Is 12763071367 prime?
False
Is 1156279793 a composite number?
True
Is 904295449 a prime number?
False
Is 8568818051 prime?
True
Is 436289371 a composite number?
True
Is 279123907 a composite number?
True
Is 1352894659 prime?
True
Is 72959438221 a prime number?
True
Is 685307999 composite?
False
Is 37376634657 composite?
True
Is 555776953 a prime number?
True
Is 6552573739 prime?
False
Is 270337687 prime?
True
Is 3997603439 prime?
False
Is 3415105663 a prime number?
False
Is 509000299 composite?
False
Is 135884443 a composite number?
False
Is 5375379731 a composite number?
True
Is 185133450259 prime?
True
Is 1220106143 a composite number?
False
Is 8984296814 prime?
False
Is 18108798413 composite?
True
Is 163049141 a composite number?
False
Is 11259901291 composite?
True
Is 190642307287 composite?
True
Is 217795089131 prime?
True
Is 333748099 composite?
True
Is 3364562423 prime?
False
Is 19652986565 a composite number?
True
Is 43217145427 composite?
True
Is 749388569 prime?
True
Is 16059170213 prime?
True
Is 1446426469 a composite number?
False
Is 2066353942 composite?
True
Is 1263149651 composite?
False
Is 76639688509 a prime number?
True
Is 20208990827 prime?
False
Is 1828392311 prime?
True
Is 71431187 a prime number?
True
Is 6582965461 composite?
True
Is 1514020721 a prime number?
False
Is 4735450387 a prime number?
True
Is 196935173819 a prime number?
True
Is 58270423 a composite number?
False
Is 1964976913 a composite number?
True
Is 62150004677 a composite number?
True
Is 172137682235 composite?
True
Is 13069691771 a composite number?
True
Is 370495897 prime?
True
Is 350035595797 composite?
False
Is 3626340637 a composite number?
True
Is 23562218621 a prime number?
True
Is 1195949317 a prime number?
True
Is 1155294961 composite?
False
Is 6212902729 prime?
False
Is 539606499 composite?
True
Is 154799702071 a prime number?
False
Is 26183149445 prime?
False
Is 450292783 composite?
False
Is 57052896293 a composite number?
True
Is 837235991 a compos